ist the prime factors of 5118520.
2, 5, 11, 11633
What are the prime factors of 1850077?
673, 2749
List the prime factors of 2137364.
2, 534341
List the prime factors of 2162855.
5, 491, 881
What are the prime factors of 1584376?
2, 198047
What are the prime factors of 8980505?
5, 17, 105653
List the prime factors of 1862814.
2, 3, 73, 4253
What are the prime factors of 1531643?
599, 2557
List the prime factors of 961396.
2, 240349
List the prime factors of 567557.
43, 67, 197
List the prime factors of 880064.
2, 13751
List the prime factors of 444413.
521, 853
What are the prime factors of 17469514?
2, 8734757
What are the prime factors of 348371?
61, 5711
List the prime factors of 51833.
17, 3049
What are the prime factors of 4959564?
2, 3, 173, 2389
What are the prime factors of 308729?
23, 31, 433
What are the prime factors of 5684103?
3, 17, 97, 383
List the prime factors of 4196197.
1949, 2153
What are the prime factors of 5318308?
2, 83, 193
What are the prime factors of 10835?
5, 11, 197
List the prime factors of 445918.
2, 11, 20269
What are the prime factors of 4191304?
2, 13, 191, 211
List the prime factors of 233491.
19, 12289
List the prime factors of 21450806.
2, 13, 263, 3137
List the prime factors of 2011573.
2011573
List the prime factors of 103249.
223, 463
What are the prime factors of 214301?
19, 11279
List the prime factors of 519273.
3, 57697
What are the prime factors of 351240?
2, 3, 5, 2927
List the prime factors of 2870095.
5, 103, 5573
What are the prime factors of 9213134?
2, 7, 409, 1609
What are the prime factors of 3059127?
3, 12589
What are the prime factors of 222502?
2, 7, 23, 691
What are the prime factors of 20982819?
3, 11, 13, 59, 829
What are the prime factors of 733073?
11, 66643
List the prime factors of 1742246.
2, 11, 79193
List the prime factors of 1527049.
19, 179, 449
List the prime factors of 2424249.
3, 173
List the prime factors of 85541.
113, 757
What are the prime factors of 5132468?
2, 11, 67, 1741
What are the prime factors of 478158?
2, 3, 79693
What are the prime factors of 131992?
2, 7, 2357
What are the prime factors of 228620?
2, 5, 7, 23, 71
List the prime factors of 426980.
2, 5, 37, 577
What are the prime factors of 1088294?
2, 263, 2069
What are the prime factors of 516530?
2, 5, 7, 47, 157
What are the prime factors of 2593212?
2, 3, 31, 6971
What are the prime factors of 555375?
3, 5, 1481
What are the prime factors of 3006887?
13, 231299
What are the prime factors of 733510?
2, 5, 73351
What are the prime factors of 9027049?
9027049
List the prime factors of 213485.
5, 42697
What are the prime factors of 666199?
43, 15493
What are the prime factors of 591729?
3, 197243
List the prime factors of 2710446.
2, 3, 17, 26573
What are the prime factors of 300602?
2, 150301
What are the prime factors of 57577?
13, 43, 103
What are the prime factors of 316559?
19, 16661
List the prime factors of 258869.
13, 19913
List the prime factors of 1209745.
5, 313, 773
What are the prime factors of 359834?
2, 179917
List the prime factors of 486964.
2, 53, 2297
What are the prime factors of 695369?
695369
List the prime factors of 3948228.
2, 3, 109673
List the prime factors of 9430.
2, 5, 23, 41
List the prime factors of 2674321.
13, 17, 12101
List the prime factors of 10314875.
5, 179, 461
List the prime factors of 213286.
2, 47, 2269
What are the prime factors of 651671?
73, 79, 113
List the prime factors of 8672199.
3, 887, 3259
List the prime factors of 13352456.
2, 13, 128389
What are the prime factors of 310596?
2, 3, 11, 13, 181
List the prime factors of 792743.
7, 269, 421
What are the prime factors of 119932?
2, 29983
List the prime factors of 2301173.
7, 23, 14293
What are the prime factors of 8452753?
23, 59, 6229
What are the prime factors of 312287?
59, 67, 79
What are the prime factors of 168955?
5, 33791
List the prime factors of 1000388.
2, 19, 13163
List the prime factors of 559711.
347, 1613
What are the prime factors of 100097?
199, 503
What are the prime factors of 682317?
3, 37, 683
What are the prime factors of 2170597?
11, 13, 43, 353
What are the prime factors of 6034827?
3, 727, 2767
What are the prime factors of 1841183?
31, 59393
List the prime factors of 3861003.
3, 47, 139, 197
List the prime factors of 6344362.
2, 337, 9413
What are the prime factors of 6819997?
67, 137, 743
What are the prime factors of 2192946?
2, 3, 7, 7459
What are the prime factors of 613636?
2, 153409
List the prime factors of 22243236.
2, 3, 59, 89, 353
What are the prime factors of 389262?
2, 3, 64877
List the prime factors of 201147.
3, 67049
List the prime factors of 211.
211
What are the prime factors of 16655644?
2, 4163911
List the prime factors of 240667.
7, 34381
List the prime factors of 866996.
2, 13, 16673
What are the prime factors of 1025309?
283, 3623
List the prime factors of 118335.
3, 5, 7, 23
List the prime factors of 753736.
2, 71, 1327
What are the prime factors of 226783?
226783
What are the prime factors of 6525264?
2, 3, 67, 2029
What are the prime factors of 175498?
2, 47, 1867
What are the prime factors of 2721235?
5, 11, 49477
List the prime factors of 1352531.
29, 46639
List the prime factors of 80017.
7, 23, 71
What are the prime factors of 102825?
3, 5, 457
List the prime factors of 1516274.
2, 758137
List the prime factors of 7900502.
2, 401, 9851
List the prime factors of 4557466.
2, 29, 78577
List the prime factors of 376584.
2, 3, 13, 17, 71
What are the prime factors of 24204?
2, 3, 2017
What are the prime factors of 40376?
2, 7, 103
List the prime factors of 2310950.
2, 5, 46219
What are the prime factors of 1788653?
1788653
What are the prime factors of 1440608?
2, 13, 3463
List the prime factors of 562322.
2, 79, 3559
What are the prime factors of 893344?
2, 27917
List the prime factors of 339763.
47, 7229
List the prime factors of 441131.
503, 877
List the prime factors of 23338682.
2, 941, 12401
List the prime factors of 806.
2, 13, 31
What are the prime factors of 5323493?
7, 760499
What are the prime factors of 18320169?
3, 7, 17, 7331
List the prime factors of 10392.
2, 3, 433
List the prime factors of 1202534.
2, 601267
List the prime factors of 14169850.
2, 5, 283397
List the prime factors of 86705.
5, 17341
List the prime factors of 41342088.
2, 3, 1722587
List the prime factors of 4654124.
2, 17, 68443
List the prime factors of 2148963.
3, 716321
List the prime factors of 297059.
7, 42437
List the prime factors of 5091845.
5, 11, 43, 2153
List the prime factors of 120664.
2, 15083
What are the prime factors of 516301?
43, 12007
List the prime factors of 95249.
7, 11, 1237
List the prime factors of 9006527.
59, 293, 521
List the prime factors of 127222.
2, 63611
What are the prime factors of 24013142?
2, 641, 18731
List the prime factors of 371659.
19, 31, 631
What are the prime factors of 1542575?
5, 61703
What are the prime factors of 1760519?
787, 2237
List the prime factors of 629105.
5, 125821
List the prime factors of 19701.
3, 11, 199
What are the prime factors of 433010?
2, 5, 19, 43, 53
What are the prime factors of 6200785?
5, 71, 17467
List the prime factors of 21448444.
2, 5362111
List the prime factors of 1709885.
5, 281, 1217
What are the prime factors of 2460705?
3, 5, 13, 12619
What are the prime factors of 51891?
3, 7, 353
What are the prime factors of 272782?
2, 17, 71, 113
List the prime factors of 3161787.
3, 23, 45823
List the prime factors of 231215.
5, 131, 353
What are the prime factors of 37452?
2, 3, 3121
What are the prime factors of 1113720?
2, 3, 5, 9281
What are the prime factors of 629265?
3, 5, 7, 13, 461
List the prime factors of 8509470.
2, 3, 5, 29, 9781
What are the prime factors of 3240256?
2, 197, 257
List the prime factors of 137649.
3, 17, 2699
List the prime factors of 530002.
2, 11, 24091
What are the prime factors of 109033?
107, 1019
What are the prime factors of 796560?
2, 3, 5, 3319
What are the prime factors of 8588006?
2, 7, 619, 991
List the prime factors of 1007928.
2, 3, 13999
List the prime factors of 3589657.
353, 10169
What are the prime factors of 279330?
2, 3, 5, 9311
List the prime factors of 7696801.
7, 17, 64679
What are the prime factors of 2777797?
11, 2087
What are the prime factors o